is the remainder when 6571891 is divided by 821484?
19
What is the remainder when 3011623 is divided by 3817?
10
Calculate the remainder when 177720 is divided by 50.
20
Calculate the remainder when 136218 is divided by 7382.
3342
Calculate the remainder when 123881 is divided by 24666.
551
Calculate the remainder when 14457872 is divided by 31.
30
Calculate the remainder when 47841018 is divided by 579.
564
Calculate the remainder when 62005007 is divided by 312.
311
What is the remainder when 93824012 is divided by 5?
2
Calculate the remainder when 105008 is divided by 30946.
12170
Calculate the remainder when 14624710 is divided by 11113.
2
Calculate the remainder when 206751749 is divided by 8144.
21
What is the remainder when 2356900 is divided by 8931?
8047
Calculate the remainder when 901133 is divided by 58.
45
Calculate the remainder when 9759177 is divided by 22.
21
What is the remainder when 141286311 is divided by 55?
1
What is the remainder when 71059 is divided by 70666?
393
What is the remainder when 2100923 is divided by 136?
131
Calculate the remainder when 31533082 is divided by 1026.
1024
Calculate the remainder when 46426 is divided by 45594.
832
Calculate the remainder when 304454 is divided by 903.
143
Calculate the remainder when 43516506 is divided by 788.
782
Calculate the remainder when 1616717 is divided by 347.
44
Calculate the remainder when 301312 is divided by 837.
829
What is the remainder when 1273534 is divided by 163?
15
What is the remainder when 70814 is divided by 35390?
34
What is the remainder when 1315303 is divided by 741?
28
Calculate the remainder when 3285566 is divided by 96634.
10
What is the remainder when 74811024 is divided by 4874?
4872
What is the remainder when 2962051 is divided by 517?
158
What is the remainder when 24314 is divided by 2693?
77
What is the remainder when 906801 is divided by 450?
51
What is the remainder when 84532 is divided by 5635?
7
What is the remainder when 2059347 is divided by 5448?
3
Calculate the remainder when 46441634 is divided by 30354.
14
Calculate the remainder when 12967240 is divided by 19.
6
Calculate the remainder when 393296 is divided by 800.
496
What is the remainder when 94515851 is divided by 29?
8
What is the remainder when 27791870 is divided by 136?
134
What is the remainder when 90510 is divided by 11263?
406
Calculate the remainder when 6570440 is divided by 192.
8
What is the remainder when 33927638 is divided by 1077?
1061
What is the remainder when 42503 is divided by 2825?
128
Calculate the remainder when 125781 is divided by 58.
37
What is the remainder when 101614 is divided by 758?
42
What is the remainder when 1097228 is divided by 24937?
0
What is the remainder when 7513725 is divided by 5247?
21
Calculate the remainder when 38155490 is divided by 147.
23
What is the remainder when 4265 is divided by 1958?
349
Calculate the remainder when 117414781 is divided by 10.
1
What is the remainder when 9810582 is divided by 57709?
52
Calculate the remainder when 12520413 is divided by 17.
15
Calculate the remainder when 3597474 is divided by 5306.
6
What is the remainder when 283929 is divided by 31532?
141
Calculate the remainder when 230640 is divided by 38432.
48
Calculate the remainder when 50386043 is divided by 1983.
1979
What is the remainder when 55372 is divided by 9228?
4
Calculate the remainder when 9590629 is divided by 449.
438
What is the remainder when 350903 is divided by 802?
429
Calculate the remainder when 690594 is divided by 172644.
18
What is the remainder when 1486415 is divided by 64?
15
What is the remainder when 12339509 is divided by 152?
149
What is the remainder when 8287356 is divided by 6705?
6681
Calculate the remainder when 814417 is divided by 152.
1
Calculate the remainder when 257225 is divided by 306.
185
Calculate the remainder when 212189 is divided by 212169.
20
Calculate the remainder when 8975996 is divided by 170.
166
Calculate the remainder when 12224051 is divided by 70253.
29
What is the remainder when 17504339 is divided by 2500619?
6
Calculate the remainder when 104643853 is divided by 428.
421
Calculate the remainder when 208675 is divided by 2939.
6
What is the remainder when 5145840 is divided by 2354?
2350
Calculate the remainder when 28353 is divided by 10130.
8093
What is the remainder when 38832 is divided by 2283?
21
What is the remainder when 118564 is divided by 1088?
1060
Calculate the remainder when 1641213 is divided by 65621.
688
Calculate the remainder when 595858 is divided by 3279.
2359
What is the remainder when 2429755 is divided by 192?
187
What is the remainder when 69301446 is divided by 23100476?
18
Calculate the remainder when 61191 is divided by 61144.
47
What is the remainder when 2558382 is divided by 127916?
62
Calculate the remainder when 67437631 is divided by 212068.
7
Calculate the remainder when 530468 is divided by 88243.
1010
Calculate the remainder when 282344 is divided by 52.
36
What is the remainder when 148616 is divided by 328?
32
Calculate the remainder when 1223723 is divided by 611767.
189
Calculate the remainder when 530591 is divided by 1389.
1382
Calculate the remainder when 38696 is divided by 38670.
26
What is the remainder when 457157 is divided by 259?
22
Calculate the remainder when 16145853 is divided by 55.
53
What is the remainder when 469661 is divided by 5870?
61
Calculate the remainder when 36179 is divided by 11235.
2474
What is the remainder when 9971109 is divided by 24620?
9
What is the remainder when 984211 is divided by 3984?
163
Calculate the remainder when 1193623 is divided by 147.
130
What is the remainder when 2341964 is divided by 1461?
1442
Calculate the remainder when 21566039 is divided by 8132.
8107
Calculate the remainder when 113820859 is divided by 4842.
4807
Calculate the remainder when 4711870 is divided by 16.
14
What is the remainder when 9223193 is divided by 2440?
2433
What is the remainder when 30065848 is divided by 884?
124
Calculate the remainder when 2273517 is divided by 174885.
12
Calculate the remainder when 26615547 is divided by 150.
147
What is the remainder when 348107 is divided by 56574?
8663
What is the remainder when 322878 is divided by 688?
206
What is the remainder when 133186 is divided by 32?
2
Calculate the remainder when 1307265 is divided by 1307227.
38
What is the remainder when 25411 is divided by 23?
19
What is the remainder when 10056 is divided by 3281?
213
What is the remainder when 79091 is divided by 1647?
35
What is the remainder when 16020369 is divided by 7332?
7281
Calculate the remainder when 1591992 is divided by 6524.
136
What is the remainder when 3556481 is divided by 1866?
1751
Calculate the remainder when 20707 is divided by 3868.
1367
Calculate the remainder when 7840555 is divided by 79.
42
What is the remainder when 1097579 is divided by 1296?
1163
What is the remainder when 7035533 is divided by 1407094?
63
What is the remainder when 21308 is divided by 203?
196
What is the remainder when 71924 is divided by 1617?
776
Calculate the remainder when 30184529 is divided by 28.
25
What is the remainder when 4712044 is divided by 277?
274
Calculate the remainder when 14500235 is divided by 2071461.
8
Calculate the remainder when 33701710 is divided by 109067.
7
Calculate the remainder when 79539 is divided by 1846.
161
What is the remainder when 162418 is divided by 53739?
1201
What is the remainder when 121719 is divided by 1336?
143
What is the remainder when 4645678 is divided by 43827?
16
What is the remainder when 163630580 is divided by 7786?
4
What is the remainder when 1632508 is divided by 163245?
58
What is the remainder when 22951233 is divided by 842?
839
Calculate the remainder when 12237 is divided by 340.
337
What is the remainder when 526292 is divided by 340?
312
Calculate the remainder when 5299458 is divided by 8153.
8
Calculate the remainder when 86313599 is divided by 1776.
1775
Calculate the remainder when 267312 is divided by 7017.
666
What is the remainder when 4060921 is divided by 254?
223
What is the remainder when 5473496 is divided by 4134?
80
Calculate the remainder when 1223516 is divided by 922.
22
What is the remainder when 217552 is di